5
Suppose -19 = -x + 6. Suppose -2*u + x = -3*l - 21, -l + 4*u = 32. Let k be (-2)/5*(l + 7). Calculate the greatest common factor of k and 22.
2
Suppose -6*t = -t - 250. Suppose 5 - t = -5*y. Let u be ((-8)/(-6))/(6/y). Calculate the greatest common divisor of u and 2.
2
Let z be (22 - -2) + 6/1. What is the greatest common factor of 250 and z?
10
Let v be (-6 + 21)*2*5. Calculate the greatest common factor of 20 and v.
10
Suppose 0 = -0*b + 3*b + 12, -5*z - 3*b + 88 = 0. Suppose -3*f + 43 + z = v, -5*v + 315 = 3*f. What is the greatest common divisor of v and 7?
7
Let h = -74 + 98. Calculate the greatest common divisor of h and 1224.
24
Let z(l) = -l - 1. Let a be z(-3). Suppose a*f - 10 + 2 = 0. Let w be (84/f)/(18/12). What is the greatest common divisor of w and 14?
14
Suppose -2*a - 19 + 123 = 0. Let g = 55 + -28. Let t = -14 + g. Calculate the highest common divisor of a and t.
13
Suppose 0 = -5*r + 3*v - 172, 6*r + 3*v = r - 178. Let n = r - -56. What is the highest common factor of 105 and n?
21
Let u = -3 + 237. Calculate the highest common divisor of 104 and u.
26
Let c(m) = 16*m**2 + 3*m. Let y be c(-2). Let l = y + -49. Calculate the greatest common divisor of l and 9.
9
Let r = -12 - -17. Suppose -y + 51 = -0*y. Let s = 52 - y. Calculate the greatest common divisor of s and r.
1
Suppose 76*g = 71*g + 40. Calculate the highest common factor of g and 1048.
8
Let g(k) = -8*k + 49. Let y be g(5). Suppose -3*f = -y, -w + 0*f = 5*f - 33. What is the greatest common divisor of w and 54?
18
Let k be 8/(-6)*(-162)/12. Let a be 10/((212/96 + -2)*4). What is the highest common factor of k and a?
6
Let h = -31 - -46. Let m be h/25 - (-171)/15. Let d be 207/m + (-4)/16. What is the greatest common factor of d and 17?
17
Let k be 1/(2/1)*38. Suppose -6*i = 1 - k. Suppose 0 = -8*l + i*l + 60. Calculate the greatest common divisor of 36 and l.
12
Let x be -3 + 1 + -11 + 5. Let c be 205 + -2 + (-2 - x). What is the greatest common factor of 19 and c?
19
Suppose 6*v + 2*q = 2*v + 154, 2*v - 59 = 5*q. What is the greatest common factor of 296 and v?
37
Let z = 240 - 160. Calculate the greatest common divisor of 110 and z.
10
Let q = 64 - 40. Let j be (10/(-3))/(-3*(-2)/(-9)). Suppose 5*d + 960 = j*c, 0 = -0*c - 2*c - 3*d + 384. Calculate the greatest common factor of q and c.
24
Suppose 7*s - 8 = 3*s. Suppose 0 = -i - s*w + 30, 2*i + i = -w + 105. Let r be -3 - (-8 - (-2 + 6)). Calculate the greatest common divisor of r and i.
9
Let i = -57 + 60. Suppose -u = -i*u + 60. What is the highest common divisor of u and 75?
15
Let q = 87 + -11. Suppose -3*h + q = h. Let v(o) = -2*o**3 - 2*o**2 + o + 152. Let r be v(0). What is the highest common factor of h and r?
19
Suppose -8*t - 9 = -33. Suppose -110 = -t*f + f. What is the greatest common factor of 11 and f?
11
Let w = -276 - -416. Let g = 583 - 563. Calculate the greatest common factor of w and g.
20
Let v(l) = l**2 - 4*l + 13. Let b be v(-10). Let a = -4 + 5. Let f be 2 - (a + -3 + -13). Calculate the highest common factor of b and f.
17
Let b = -32 - -68. Calculate the highest common factor of b and 63.
9
Let y be (4/(-3))/((-1)/9). Suppose y = 4*h - 0. Suppose h*z = -z + 36. Calculate the greatest common factor of 3 and z.
3
Let x = -86 - -185. What is the greatest common factor of x and 165?
33
Let z(n) = -4*n - 21. Let o be z(-6). Suppose -w + 1 = 0, -o*p + 5*w = -14 - 11. What is the greatest common divisor of p and 110?
10
Let g(u) = -u + 1. Let a(q) = -12*q - 2. Let d(y) = a(y) - 4*g(y). Let l be d(-2). What is the highest common factor of l and 70?
10
Suppose 0 = -8*n + 117 + 27. Calculate the greatest common divisor of n and 45.
9
Suppose 4*j - 12 - 8 = 0. Let g be 14/10 + 21/35. Suppose 1 = -g*c + 11. What is the greatest common divisor of j and c?
5
Suppose 10*z = 3*z + 672. What is the highest common factor of 42 and z?
6
Suppose -86*t + 106*t - 2340 = 0. Let m(h) = -h**2 - 10*h + 1. Let v be m(-5). Calculate the greatest common factor of t and v.
13
Let x be (198/(-15))/(7/35). Let w be 2/(3*-1 + x/(-18)). Calculate the highest common divisor of w and 27.
3
Let p = -2 - -2. Suppose 29*s - 33*s + 40 = p. Calculate the highest common factor of s and 110.
10
Let x(p) = -3*p + 46. Suppose -18*i = -15*i - 33. Let d be x(i). What is the highest common factor of 13 and d?
13
Let o = -216 - -236. What is the greatest common divisor of 60 and o?
20
Suppose 4*k + 12 = 2*k. Let z(n) = -n - 1. Let u be z(k). Calculate the greatest common divisor of 2 and u.
1
Let t(r) be the second derivative of r**2 - 1/6*r**4 - 1/6*r**3 + 2*r + 0 + 1/5*r**5. Let n be t(2). What is the greatest common factor of 12 and n?
12
Suppose 18*a - 2471 = 1057. Calculate the greatest common divisor of a and 147.
49
Suppose 2*p + 9 = 4*p + 5*z, -p - 3*z + 4 = 0. Let d(q) = 4*q - 19. Let h be d(10). What is the greatest common divisor of p and h?
7
Let n(q) = -q**2 + 27*q + 24. Let h be n(27). Calculate the greatest common factor of 84 and h.
12
Let n = -20 + 4. Let r = n + 25. Let u be ((-6)/r)/((-1)/135). Calculate the greatest common divisor of u and 10.
10
Let f = 9 - 5. Let t = -142 + 142. Suppose t = -f*g - 17 + 49. Calculate the highest common factor of 88 and g.
8
Let f = 196 - 44. What is the greatest common factor of 38 and f?
38
Let u be 114/5*(-20)/(-3). Let w = u - 37. Calculate the highest common factor of w and 23.
23
Let f(y) = 3*y**2 - 16*y + 9. Let g be f(7). Let t = g - -20. What is the highest common divisor of 16 and t?
16
Let h be (-4)/8 - (-635)/2. Let f = -146 + h. Suppose 2*b + 2*c - 109 = -3*c, 3*b + 5*c - f = 0. Calculate the greatest common factor of b and 93.
31
Suppose -x - 163 = 3*y, -6*y + y + 5*x = 245. Let h = y - -57. Calculate the greatest common divisor of h and 4.
4
Let x(b) = b**2 + 8*b - 53. Let i be x(9). What is the highest common factor of 250 and i?
50
Suppose 3*f + 2 = 4*w, 3*f - 5*w = -f - 2. Suppose 4*u = f*s + 222, 3*u + 3*s - 153 = -0*u. Calculate the greatest common factor of 18 and u.
18
Let g be (12*2/(-28))/((-1)/(-91)). Let b = -34 - g. Let z = 67 - -43. Calculate the greatest common divisor of b and z.
22
Suppose -5*w + 56 = -3*w. Suppose -u - 26 = -3*a, 0 = a + 3*a + 3*u - 52. Suppose -4*g = -26 + a. What is the greatest common factor of g and w?
4
Let k be (-2)/(-3) - 500/(-6). Suppose 373*l - 377*l + 48 = 0. Calculate the highest common factor of k and l.
12
Let h(i) = 2*i - 6. Let l be h(4). Suppose -y + 80 = 3*y. Let c = y + -4. Calculate the highest common divisor of l and c.
2
Let t be 16767/30 + (-6)/(-60). Calculate the greatest common factor of t and 13.
13
Suppose -4*k + 0*l + 2*l = 38, 2*l = -5*k - 34. Let d = 13 + k. Suppose -d*a - v - 25 = -8*a, -5*a + 51 = 3*v. Calculate the greatest common factor of a and 9.
9
Suppose 0 = -78*d + 8315 + 1045. What is the highest common divisor of d and 168?
24
Let h = 106 - 100. Let j(m) = -m**3 + 14*m**2 - 3*m - 6. Let t be j(h). What is the greatest common divisor of t and 33?
33
Let u(h) = -h**2 + 3*h**2 - h**2 - 16*h + 1. Let g be u(17). Calculate the greatest common divisor of 18 and g.
18
Suppose -942 - 507 = -7*l. Calculate the greatest common divisor of l and 23.
23
Let h(z) = -10*z + 389. Let m be h(-17). Calculate the greatest common factor of 43 and m.
43
Suppose 2*l + l = 9. Suppose -l*m + 35 = 11. Calculate the highest common divisor of 32 and m.
8
Suppose 504 = 7*l - 14*l. Let r = l - -108. Calculate the greatest common factor of r and 324.
36
Let s be (2/4)/(120/(-16) + 8). Calculate the highest common factor of 47 and s.
1
Suppose -33*r = r - 680. Let w(t) = -t**3 + 3*t**2 + 3*t + 1. Let b be w(3). Calculate the greatest common divisor of b and r.
10
Suppose 0 = 2*b - 2*q + 70 - 18, -4*q = -3*b - 80. Let x be ((-648)/(-60))/(1/10). Let n be 290/9 + b/x. Calculate the greatest common factor of n and 8.
8
Let r(b) = b**3 - 8*b**2 + 7*b - 4. Let o be r(7). Let x be (-47)/o + 4/16. Let h = x + 8. What is the greatest common divisor of 4 and h?
4
Let x be (-1)/((1/7)/(1 + -2)). Let c be (-6)/(x/(357/(-6))). What is the highest common divisor of 51 and c?
51
Suppose 0 = 4*g - 6*g - 2. Let w be (8/12 + g)*-12. Let c = 16 + w. What is the highest common divisor of 8 and c?
4
Let p(y) = y**3 - 10*y**2 - 34*y + 